220*z + 1221*z + 0*z**2. Determine u(0).
-12
Let x = 9 - 4. Let i(p) be the second derivative of -p**4/12 + 2*p**3/3 + p + 322. Give i(x).
-5
Let g(n) = n**3 - 20*n**2 - 76*n - 21. Let k be g(-3). Let z(a) = a**2 - 2*a + 61. What is z(k)?
61
Let l(b) = 11*b**2 + 14*b + 4. Let d = -1001 + 992. Let n(c) = -5*c**2 - 6*c - 2. Let k(w) = d*n(w) - 4*l(w). Give k(2).
2
Let u = -164 - -167. Let g(k) = -k**u + k - 390*k**2 + 395*k**2 - 5*k + 2. What is g(4)?
2
Let u(g) = 7*g - 62. Suppose -5*x - 4*v = -59, -17 = -5*x + 2*v + v. Determine u(x).
-13
Let j(q) = -3*q**3 + 2*q**2 + q. Suppose -4*b - 4*i = -4, -i = 2*b - 7 + 2. Let c(r) = -5*r + 17*r + 27 - b*r**2 + 0*r + 3*r**2. Let x be c(14). Give j(x).
4
Let h(z) = 9*z**2 - 5*z - 6. Let x = 9637 + -9638. What is h(x)?
8
Suppose -5*a - 4*a - 5 = -14*a. Let m(d) = d**3 + 4*d**2 - 6*d + 1. Calculate m(a).
0
Suppose -82*b = 72*b - 37*b + 585. Let j(t) = 7*t + 29. Determine j(b).
-6
Suppose -45*i + 47*i + 2*x + 18 = 0, 38 = -10*i + 3*x. Let g(k) = k**3 + 5*k**2 - k - 31. Give g(i).
-26
Let z = -200 - -211. Suppose -152 + 20 = -z*r. Let d(v) = -17 + 3*v + v - 3*v. Determine d(r).
-5
Let h(j) be the third derivative of -7*j**5/60 + 2*j**3/3 - 1777*j**2. Give h(-2).
-24
Suppose -3*k - 7 = 4*u, u - 20 = -4*k + 3*u. Let q(a) = a + 9 + 5 - k + 5. Suppose 0 = 30*c - 32*c. Determine q(c).
16
Let l(x) = 6*x - 6 - x**3 + 3*x + 5*x**2 - x. Let w be (46/6 - (-8 - 26/(-3))) + -1. What is l(w)?
6
Let a(j) = -4 + 15*j**2 + j**3 - 261*j + 9*j**2 + 554*j - 270*j. Give a(-23).
-4
Let q(i) = i**2 + 4*i. Let d(c) = 2*c**2 + 38*c - 2. Let f(y) = -d(y) + 6*q(y). Give f(7).
100
Let f(l) be the first derivative of l**4/4 + 7*l**3/3 - 35*l**2/2 - 19*l + 5148. Calculate f(-10).
31
Suppose 0 = -4*f - 2*w + 174 - 1266, -1365 = 5*f + 2*w. Let l = -267 - f. Let j(i) = -3*i - 10. Determine j(l).
-28
Let o(j) = j**2 + 5*j - 34. Let y be o(-9). Let a(r) = -3*r - 3*r + r + 6*r**y + 2*r - 2*r**2 - 4. What is a(-3)?
41
Let u(p) = -p**2 + 4*p + 1. Let r(i) = -3*i**3 + 23*i**2 - 21*i - 6. Let m be r(6). Suppose 7*d - m = -17*d. Determine u(d).
5
Let q(p) = -2*p**2 - 22*p - 10. Suppose -34*g - 201 = 3. Determine q(g).
50
Let w(s) = 13*s. Suppose 2*u + 18 = 8*u. Suppose 5*i - 2 = 2*b, -3*b + 0*i = -3*i + u. What is w(b)?
-13
Let j(r) = 5*r - 2. Let a be 2*((-4)/(-2) + 0). Suppose 2*b - 2*n + 3 = 21, -2*b - a*n = 0. What is j(b)?
28
Suppose 384*l = 379*l + 4*a - 63, a - 24 = 2*l. Let p(x) = 2*x - 11 - 3*x - 1. What is p(l)?
-1
Let o be (-3 - 4) + 10 + (2 - -1)*-3. Let a(m) = -8*m - 66. What is a(o)?
-18
Let g(p) = -p**3 - 55*p**2 - 56*p - 112. Let o = -911 + 857. Give g(o).
-4
Let j(a) = a**3 + 2*a - 1. Suppose 351*c - 356*c = 5*z + 20, 4*z = -c - 19. Give j(c).
2
Let d(c) = -6*c**3 - 2*c - 1. Suppose 4*m = 5*m - 3. Let p(r) = -3*r**3 - 1 + 0*r**2 - r + 3*r**2 + r**m + 0*r**2. Let j be p(1). Give d(j).
7
Suppose 3*h + 42 = -4*q, 5*q = -3*h - 2*h - 60. Let k(i) = -i**2 - 12*i + 1. What is k(h)?
37
Let m(u) = -4*u + 107. Let y be ((-1 + 37)*33/(-44))/(5/(-5)). Determine m(y).
-1
Suppose -f - 464 + 1484 = -3*m, 3*f = -m + 3090. Let s(a) = 8*a**2 - a**3 - 4 + 1026*a - f*a - 3*a**2. Suppose d - 6 + 2 = 0. Calculate s(d).
0
Let o(a) be the second derivative of a**5/20 - 4*a**4/3 - 2*a**3/3 + 291*a**2/2 + 8021*a. Give o(15).
6
Let x(m) = -m**3 - 15*m**2 - 27*m - 7. Suppose -5*p - 16 = 49. Give x(p).
6
Let t(i) = 2 + 8*i - 1 + 1 - 1. Let q(z) = z**3 + 4*z**2 + 4*z + 2. Let p be q(-3). Let w be ((-2)/(-10))/((-60)/(-50) + p). Determine t(w).
9
Let a(b) = -5*b - 58. Let l = -6720 - -6707. Calculate a(l).
7
Let i(d) = 14 - d - 14 + d**3 + 3*d**2. Let h be i(-3). Let r(p) be the first derivative of -p**3/3 + p**2 + 4*p + 34. Calculate r(h).
1
Let h = 2687 - 2693. Let j(o) = o**3 + 3*o**2 - 10*o + 14. Determine j(h).
-34
Let j(q) = q**2 + 8*q - 9. Let c be (-136)/(-102)*(-54)/8. Give j(c).
0
Let z(i) = -6 + 4*i + 0*i - 3*i. Suppose 0 = -p + 3*n + 268, -2*p + 576 = 4*n - 2*n. Let j = 277 - p. What is z(j)?
-12
Let k(i) = 14*i - 28. Suppose -15*h = 758 - 698. Give k(h).
-84
Let s be ((-5)/(-3)*1)/(14/(-42)). Let d(p) = -p**2 + p + 25. Let i be d(s). Let x(z) = z + 4. What is x(i)?
-1
Let r(o) = -5*o**2 - 7*o - 9. Let g(s) = s**2 + s + 1. Let h(v) = -6*v**3 + v**2 - 3*v + 2. Let d be h(1). Let c(k) = d*g(k) - r(k). What is c(4)?
-9
Let g(x) = -3. Let n be (-20)/(-35) - (-15)/35. Let o(y) = 5*y + 12. Let c(k) = n*o(k) + 5*g(k). Calculate c(2).
7
Let t(q) = -2*q**2 + 2*q. Let m be t(2). Let h(s) be the first derivative of 3*s**2/2 - 3*s - 8. Calculate h(m).
-15
Suppose 2*g = p + 5, -96*g + 101*g = -4*p + 19. Let j(b) = -22*b + 24. Give j(p).
2
Let m(f) = -f**3 + f**2 + f - 7. Suppose -2*u + 97 = 3*w, 5*w - 8*u = -6*u + 151. Suppose 31 = -s + w. What is m(s)?
-7
Let t = -54 + 63. Suppose 52 = 4*q + t*q. Let x(l) = 2*l**2 - 6*l + 3. Determine x(q).
11
Let f(a) be the second derivative of -a**4/12 - a**3 - 9*a**2/2 + 713*a - 4. What is f(-4)?
-1
Let m(c) = -c**3 - 1. Let z(w) = w**3 - 673 - 5*w - 4*w**2 + 672 + w. Let o(s) = -2*m(s) - z(s). Calculate o(-2).
3
Let z = -1 - -5. Let l(d) = 5*d + 1. Let p(k) = -57 + 135 - 22*k - 81. Let t(b) = 9*l(b) + 2*p(b). Calculate t(z).
7
Let b(d) = -756*d - 795*d - 4*d**2 + 2228*d - 760*d + 22. Give b(-21).
1
Suppose -14 = b - 2*g, -g = b + 4*b + 26. Let w be b - -4 - (0 + -11). Let f(d) = -d - 4*d + d**3 - 3 + 8*d**2 - 3*d**2 + w. Calculate f(-6).
0
Let r(y) = -6*y**2 - 1. Let m(x) = 84*x + 5885. Let g be m(-70). Determine r(g).
-151
Suppose 0 = -9*v + 6*v + 27. Let p(h) be the second derivative of -3/2*h**3 - 1/2*h**2 + 64*h + 5/6*h**4 - 1/20*h**5 + 0. What is p(v)?
-1
Let d(k) = 4*k**3 + k**2 + 19*k + 2. Let p(f) = -f**3 - 4*f + 1. Let c(u) = -d(u) - 5*p(u). What is c(2)?
-1
Let y(q) = q**2 + 5*q + 3. Let v be y(-6). Let s(c) = -6*c - 2. Let i(l) = 10 + 54 - 57 + 24*l. Let h(a) = v*s(a) + 2*i(a). What is h(3)?
-22
Let h(f) = f + 5. Suppose o = -2*j + 7, 0*j - j - 2 = -5*o. Let r be h(j). Let z(v) = -v**3 + 8*v**2 + v - 1. Determine z(r).
7
Let f = -31552 + 31544. Let s(m) = 11*m + 21. Calculate s(f).
-67
Suppose -b + 4*b + 4 = 2*x, -3*b - 8 = -4*x. Let f(m) = -3*m - 70*m**2 + 0*m + 69*m**2 + b - 1. Suppose 2 = -3*a - k - 7, -5*a + k - 23 = 0. Determine f(a).
-5
Suppose -62*a + 67*a = 15. Let y(z) = -2 + 15*z - 6*z**2 - 2*z**3 - 2 - 2*z**2 + z**a - 4*z**2. Give y(-13).
-30
Let b = -13883 - -13874. Let k(w) = -15*w + 6. Determine k(b).
141
Let l(q) = 14 + 22*q - 47*q - 4 + 21*q. Let y(u) = 5*u - 9. Let k(c) = -3*l(c) - 2*y(c). What is k(5)?
-2
Let v(d) = -134*d + 4145. Let a be v(31). Let t(x) = x**2 + 25*x + 113. Give t(a).
-31
Let q(b) = -807*b**2 + 15*b + 269*b**2 + 21 + 277*b**2 + 260*b**2. Determine q(16).
5
Let s(n) = -n**2 - 14*n + 6. Let a(q) = -3*q**2 - 44*q + 17. Let l = -51 - -54. Let y be (-27)/(-4) + l/12. Let z(t) = y*s(t) - 2*a(t). Give z(-10).
8
Let j = 126 + -138. Let f be (j/(-8))/(4/(-8)). Let k(d) = d**3 + 2*d**2 - d + 3. What is k(f)?
-3
Let f(h) = 9*h - 21. Let n = 8707 - 8698. Calculate f(n).
60
Let w(a) = 7*a**2 + 1 + 2*a**2 - 2*a**2. Let d be (-52)/(-12) + 13/(-39). Suppose -9*x = 13 - d. Give w(x).
8
Let s(t) = 3*t**2 - 8*t + 9. Let i be s(2). Let o(v) be the first derivative of -2*v**3/3 + 2*v**2 + 6*v - 133. Determine o(i).
-24
Let r(p) = -p + 7. Suppose u = -4*w - 29, -2*w + 4*w - 5*u = 13. Let i(l) = -l**3 - 3*l**2 + 14*l + 8. Let n be i(w). Let j = 37 - n. What is r(j)?
2
Suppose 449*x - 427*x = 0. Let z(b) = -4*b**2 + 3*b + 1. What is z(x)?
1
Let l(s) = -s**3 + 9*s**2 - 10*s + 14. Let z(d) = 243*d - 235. Let g be z(1). What is l(g)?
-2
Let l(j) = j + 3*j - 2*j + 9*j**2 - 1. Suppose 13 = k - 3*d, -17 = 7*k - 8*k + 4*d. Determine l(k).
10
Let m = 61 + -34. Suppose -28*w = -m*w - 47. Let a(k) = -w + 21 - 13*k + 25. Give a(-1).
12
Let j(m) = -7*m - 5. Let n(x) = -x**2. Let a(c) = j(c) - 2*n(c). Let p be a(0). Let t(s) = -s**2 - 4*s - 11 - 2*s + 6. What is t(p)?
0
Suppose -3*g + 33 = -g + 5*j, 0 = 5*g + 4*j - 40. Let a be g/60*-6*(1 + -6). Let d(t) = 11 - 10 + 3*t**2 - 4*t**a. Give d(2).
-3
Suppose 0 = -9*d - 31 - 14. Let z be 30/25 - (-1)/d. Let n(b) = 1 - z + 203*b - 179*b. Give n(-1).
-24
Let g(j) = -j**2 - 6*j. Let d be g(-5). Suppose -n - d*b + 10 = 0, 3*n - 5*b + 44 = 14. Let y(f) = -2 + 12*f - 